= -2*j + 3*t - 20, -5*j = 2*t + 50. Let u(z) = -z**3 - 11*z**2 - 13*z + 6. Let c be u(j). What is the highest common divisor of c and 12?
12
Suppose -5616 = -22*j - 5*j. What is the highest common divisor of 16 and j?
16
Let k(t) = 3*t**3 - 5*t**2 - 3*t + 14. Let x be k(3). What is the greatest common divisor of x and 697?
41
Suppose 728 - 952 = -7*y. Calculate the highest common factor of y and 40.
8
Let n(m) = -9*m - 46. Let w be n(-6). Suppose 2*c - 3*f - 16 = 0, 5*c + f = 38 + 2. What is the greatest common divisor of c and w?
8
Let g be (-3)/2*(1 - (-86)/(-6)). Calculate the greatest common divisor of 30 and g.
10
Let y be -2*(-2 - 52/8). Let h = 20 - y. Suppose 2*x = h*x - 11. What is the greatest common divisor of 11 and x?
11
Suppose 0 = 2*o + 5*i - 552, -4*o + 3*i + 1156 = -0*o. What is the greatest common factor of o and 26?
26
Let p(n) = 86*n - 2. Let f be p(1). Suppose 0*h + 4*h - 224 = 0. What is the greatest common divisor of f and h?
28
Let w = -488 - -578. Calculate the greatest common factor of 54 and w.
18
Suppose -2*h + o = -72, -202 + 22 = -5*h + 5*o. What is the highest common divisor of 42 and h?
6
Suppose 0 = 47*i - 51*i + 2100. Calculate the greatest common divisor of i and 21.
21
Suppose -k - d + 6*d = -289, 292 = k - 2*d. Suppose 1743 = 7*p + k. What is the highest common divisor of 23 and p?
23
Let g = 66 + -12. Let k(n) = -n**3 + 9*n**2 - 2*n - 3. Let a be k(6). Let h = a - g. Calculate the highest common factor of 26 and h.
13
Let c(b) be the second derivative of b**3 + 7*b**2 - 2*b. Let u be c(10). Let i = u - 44. Calculate the greatest common divisor of 10 and i.
10
Let d(p) = -p**2 + 1673*p + 15 - 1685*p + 0*p**2. Let z be d(-10). Calculate the highest common divisor of 5 and z.
5
Suppose -2*k - k = -3*d - 12, 0 = k - 2*d - 7. Let n be 2 - 1*(k - 2). Suppose n*r = 4*r + p, -3*p = -4*r + 7. What is the greatest common factor of 3 and r?
1
Let d(m) = 48*m + 15. Suppose 2*t + 1 = -11. Let o be d(t). Let f = o + 614. Calculate the highest common factor of f and 31.
31
Suppose 467 = 3*s - 133. Suppose 2*d + 5*y = s, 4*y = y. What is the highest common factor of 80 and d?
20
Suppose 3*v - 7 = 20. Suppose v + 0 = 3*u. Let w = 10 - u. Calculate the greatest common divisor of w and 35.
7
Let b be (-2)/3 - -131*(-3)/(-9). Suppose -o - 688 = -3*o. Calculate the greatest common divisor of o and b.
43
Suppose 0 = -74*a + 69*a + 285. Let j be (1*-2)/((-6)/57). What is the highest common factor of a and j?
19
Suppose 0*k + 4 = -2*o + 2*k, -4*o = 5*k - 28. Suppose o*z = -z + 567. What is the greatest common factor of z and 21?
21
Let b be (15*15/(-9))/(0 - 1). What is the highest common divisor of 85 and b?
5
Let j(r) = -124*r + 11. Let y be j(-1). What is the greatest common divisor of y and 81?
27
Let k be 2 + (-16 - 2)/2. Let p = k - -19. Suppose -h = -3*b + 22, -2*b - p = -6*b - 3*h. What is the highest common divisor of b and 2?
2
Let z be ((-2)/4)/((-2)/168). Let d = -33 + z. What is the highest common factor of d and 72?
9
Let n be ((-17460)/(-20370))/(36/35 - (0 + 1)). Let c = 48 + 2. What is the highest common divisor of n and c?
10
Let z = -576 - -577. What is the greatest common divisor of z and 83?
1
Let q(o) = -2 + 5 + o**3 + 4 - 1. Let i be q(-3). Let x = i + 22. What is the highest common factor of 1 and x?
1
Let l(s) = 2*s**3 - 5*s**2 + 5*s + 10. Let k be l(3). Calculate the greatest common factor of 51 and k.
17
Let r(d) = 7*d - 10. Let j be r(4). Suppose 0 = 2*h - 14 - 34. Calculate the greatest common divisor of j and h.
6
Let j(b) = -b**3 + 9*b**2 - 11*b + 1. Suppose 7*i - 16 = 5*i. Let k be j(i). Let d = -20 - k. Calculate the highest common factor of d and 1.
1
Let c(j) = j**2 - j - 50. Let b be c(-9). Let r be (-360)/(-2*((-5)/(-2) - 2)). What is the highest common divisor of b and r?
40
Let z(f) = -f**3 - 3*f**2 - 10*f - 16. Let g = -90 + 85. Let y be z(g). Calculate the highest common factor of y and 56.
28
Suppose -51*p + 91 = -38*p. What is the highest common factor of p and 119?
7
Suppose -4 = -52*q + 50*q. Let p be (2 + 45/6)/(1/q). What is the highest common factor of 76 and p?
19
Let j = -13 + 15. Suppose 0 = -j*c - o + 45, -46 = -3*c + o + 9. Suppose 55 = -q + 3*q + 5*i, 0 = -4*q - i + 83. What is the greatest common divisor of c and q?
20
Let c(g) = g**2 + 925*g + 1858. Let y be c(-2). Suppose 70 = -0*a + 2*a. Let d = 65 - a. Calculate the greatest common factor of d and y.
6
Suppose -j = -3*j + 6, 2*y - j = 467. Calculate the greatest common divisor of y and 47.
47
Suppose 55*k = 35*k. Suppose -y = -3*y + 10. Suppose k = -y*u + 117 - 22. Calculate the greatest common divisor of 171 and u.
19
Let p(o) = 14*o**3 - 3*o**2 + 14*o - 12. Let r be p(2). Calculate the greatest common factor of r and 12.
4
Suppose 0 = 5*r + m - 2320, 2*r - 16*m + 18*m - 928 = 0. Calculate the highest common divisor of 58 and r.
58
Let l(b) = -b + 72. Let w be l(-6). What is the greatest common divisor of w and 117?
39
Let c = -442 - -469. Suppose -3*s - 15 = -f, 0 = 4*f - s - 4*s - 46. What is the greatest common divisor of c and f?
9
Suppose -o + 0*o + 8 = 0. Suppose 0 = 5*t - t + 168. Let s be (-490)/t + (-1)/(-3). Calculate the highest common factor of s and o.
4
Suppose v + d - 111 = 0, 0 = 2*v + 2*v - 5*d - 453. Suppose -w + 1 = 0, 30*w + 44 = 3*c + 32*w. What is the highest common divisor of v and c?
14
Suppose -2*a = -0*a - 56. Let k(o) = -o**3 + 8*o**2 - 14*o + 9. Let y = 12 - 7. Let b be k(y). What is the greatest common factor of a and b?
14
Let a(f) = 9 - 9*f + 5*f**2 + 16*f - 37*f - 2*f**2. Let l be a(10). What is the highest common divisor of l and 3?
3
Let q(v) = 2*v + 33. Let b be q(-15). Suppose -5*g = -4*i - 325, 5*g - i = -b*i + 325. What is the greatest common factor of g and 13?
13
Suppose -3*q = -2*k - 13, 4*q - 8 = -k - k. What is the highest common factor of q and 6?
3
Let w = -226 + 236. Calculate the greatest common divisor of 10 and w.
10
Let t(v) be the first derivative of v**4/2 + v**3/3 - 3*v - 1. Let q be t(3). Suppose -q = -4*y - 0*y. Calculate the highest common divisor of 15 and y.
15
Let h be (-1180)/(-70) - (-3)/21. Suppose 0 = 3*v - 2*a - a - 570, 5*v = 4*a + 947. Calculate the highest common divisor of h and v.
17
Let v = 37 + -30. Suppose -30 = -v*l + 68. Suppose 3*s - 2*s - 6 = -2*q, s = q. What is the greatest common factor of q and l?
2
Let l = -146 + 250. Let d = l - 27. Suppose 10 = -5*a, -6 = -3*p - 4*a + 19. What is the highest common factor of d and p?
11
Let s(k) = 29*k**2 + k - 4. Let x be s(-2). What is the highest common factor of 10 and x?
10
Let b = 829 - 815. What is the greatest common divisor of 182 and b?
14
Let s = -12 - -17. Let k(h) = 4*h - 119. Let n be k(31). Calculate the highest common divisor of s and n.
5
Suppose 4*f = 6 + 18. Suppose -d = -5*l - 5, 2*l = 2*d - 0*l - 34. Suppose 4*g - f*g + d = 0. Calculate the highest common divisor of g and 80.
10
Let n(l) = -2*l**3 + l. Let a be n(-1). Suppose -5*j - a = 9, 2*j = -2*t - 2. Calculate the greatest common divisor of t and 1.
1
Let l be 0 + 37 - (-31 + 32). What is the greatest common factor of 198 and l?
18
Let l = 171 - 115. Calculate the highest common factor of l and 42.
14
Let l(x) = -64*x + 12. Let z be l(-2). Suppose -5*n = 5*p - 280 - 30, -5*n + 260 = -5*p. Suppose -n = -3*s + 3. What is the highest common factor of s and z?
20
Let w = 3087 - 3015. Let v(s) = 9*s**2 + s - 1. Let a be v(1). What is the highest common factor of w and a?
9
Let k = -340 - -780. What is the highest common factor of 132 and k?
44
Suppose -39 + 3 = -4*n. Suppose n*y - 2*y = 140. Let o be (2/2*-50)/(-1). Calculate the highest common factor of o and y.
10
Suppose 0 = 4*m - 15 - 1. Suppose 2*c - 7 = 1. Suppose -m*j + 60 = -0*u + c*u, 4*u - 46 = 3*j. Calculate the highest common factor of 13 and u.
13
Let d(c) = -c - 4. Let x be d(-4). Suppose -t + x*t = 4*b + 10, 3*b = 2*t - 13. Calculate the greatest common divisor of t and 3.
1
Let k(s) = 1 + 51*s + 0 + 0. Suppose r + 5 = -2*n, -4*r + 2*n + 17 = -r. Let l be k(r). What is the highest common factor of l and 14?
14
Let h be (5 - (-29)/(-5))/(4/(-310)). Let p be -310*((-15)/(-6) + 6/(-2)). Calculate the greatest common divisor of p and h.
31
Let u(q) = 18*q + 74. Let s be